- -5b?
5c
In base 10, what is -122 + 4?
-118
In base 16, what is 9 - -99?
a2
In base 14, what is 8 + -5?
3
In base 11, what is 2 - -25?
27
In base 3, what is -112 - -1002021?
1001202
In base 5, what is -1 - -340?
334
In base 13, what is 1 - 22?
-21
In base 4, what is 200 - 20?
120
In base 14, what is -10c6 - 2?
-10c8
In base 14, what is 5 - 18?
-13
In base 9, what is 6 - -2261?
2267
In base 5, what is -121 - -14?
-102
In base 3, what is 22001 - 202?
21022
In base 8, what is -6313 + 5?
-6306
In base 16, what is 3a - -6b?
a5
In base 6, what is -12312 - 0?
-12312
In base 7, what is 3 - -10043?
10046
In base 3, what is 1 - -21?
22
In base 13, what is -72 + 3?
-6c
In base 16, what is b - 7d?
-72
In base 5, what is -1 + -143?
-144
In base 16, what is a6 + 3d?
e3
In base 4, what is 230022 - -3?
230031
In base 2, what is 10100000 + -101?
10011011
In base 4, what is 121 - -1321?
2102
In base 15, what is -1 - 1a?
-1b
In base 16, what is f02 - 0?
f02
In base 7, what is -1345 - 0?
-1345
In base 11, what is 4 + 63?
67
In base 7, what is 3106 + 10?
3116
In base 11, what is 151 - -2?
153
In base 16, what is 1a + 9?
23
In base 9, what is -301 - -12?
-278
In base 10, what is -4 + 651?
647
In base 13, what is -ca1 + 2?
-c9c
In base 14, what is -7 + -2?
-9
In base 9, what is 1 + 0?
1
In base 13, what is 5 - 59?
-54
In base 12, what is -111 + 15?
-b8
In base 15, what is 5 + 90b?
911
In base 16, what is -14 - 6?
-1a
In base 13, what is -1 - -23?
22
In base 2, what is -1010100100 - -10?
-1010100010
In base 9, what is 4 + -48?
-44
In base 8, what is -32 - -31?
-1
In base 2, what is -10 - -100001011100?
100001011010
In base 16, what is a - -4?
e
In base 5, what is 333041 - 0?
333041
In base 11, what is 97 - -a5?
191
In base 7, what is 220 - 16?
201
In base 12, what is -1b57 - -1?
-1b56
In base 9, what is 22 + 5?
27
In base 11, what is 4 - 78?
-74
In base 8, what is 1 + -270?
-267
In base 8, what is 30 - -2?
32
In base 11, what is 1 - -202?
203
In base 8, what is 4 + 45?
51
In base 11, what is -11 + -249?
-25a
In base 10, what is -3 + 4?
1
In base 11, what is -298 + 5?
-293
In base 16, what is 57 - 2f?
28
In base 16, what is 3b5 + -4?
3b1
In base 10, what is -23 - -67?
44
In base 16, what is -465 + 1?
-464
In base 12, what is 0 + 701?
701
In base 9, what is -5 - -7686?
7681
In base 11, what is 3 + -1724?
-1721
In base 11, what is 44a - -3?
452
In base 9, what is 5350 - 2?
5347
In base 11, what is -188 + -27?
-204
In base 4, what is -130 + -10?
-200
In base 14, what is -4a - 24?
-70
In base 6, what is 150 + 140?
330
In base 10, what is -2 + -21?
-23
In base 14, what is -141 - -5?
-13a
In base 12, what is 1352 + 2?
1354
In base 13, what is a3 - 2?
a1
In base 12, what is -a - 196?
-1a4
In base 3, what is -10111 - 0?
-10111
In base 13, what is -c0 + 7?
-b6
In base 6, what is -435 - -31?
-404
In base 4, what is 11 + 1001?
1012
In base 3, what is 11000202 - -12?
11000221
In base 5, what is 1003244 - 4?
1003240
In base 12, what is -508 - 0?
-508
In base 5, what is 12014 + 3?
12022
In base 11, what is 25989 + 0?
25989
In base 11, what is -236 - -51?
-195
In base 9, what is -15371 - 4?
-15375
In base 13, what is -3 - 6?
-9
In base 14, what is 3 - 14?
-11
In base 9, what is -5 + 82?
76
In base 2, what is -10010011 + 1011?
-10001000
In base 14, what is 3 - 27?
-24
In base 14, what is -5 - 7?
-c
In base 10, what is -2347 + -10?
-2357
In base 7, what is 101 - -421?
522
In base 11, what is -2 - -983?
981
In base 12, what is -2 + -34?
-36
In base 2, what is 10001001100 + 110?
10001010010
In base 11, what is 120 - 2?
119
In base 12, what is 161 - -1?
162
In base 11, what is -3 + -68a?
-692
In base 5, what is 3 - 124?
-121
In base 6, what is -11520 - -4?
-11512
In base 8, what is 2 + 7?
11
In base 10, what is 6 - -11?
17
In base 15, what is -2 + -60?
-62
In base 16, what is -511 - 3?
-514
In base 5, what is 120 - 33?
32
In base 3, what is 1220 - -1?
1221
In base 16, what is -4 - 1af?
-1b3
In base 11, what is -31a + 20?
-2aa
In base 11, what is -1 + 259?
258
In base 16, what is -2df + -1?
-2e0
In base 10, what is 81 + 97?
178
In base 15, what is -d0 - -13?
-bc
In base 13, what is 2 - -4?
6
In base 3, what is -11 + -11022?
-11110
In base 13, what is 35 - 1?
34
In base 15, what is 16 + a?
21
In base 15, what is -19 - 1?
-1a
In base 7, what is 5 + -4561?
-4553
In base 13, what is 16c + -2a?
142
In base 10, what is 2 - 587?
-585
In base 10, what is -1 + 2000?
1999
In base 9, what is -2 + -2407?
-2410
In base 8, what is 4 + 2555?
2561
In base 2, what is -11001100 + 11?
-11001001
In base 9, what is -2072 + 3?
-2068
In base 11, what is 4 - 93a?
-936
In base 3, what is -1 + 210?
202
In base 16, what is 144d - -5?
1452
In base 16, what is bc - 2?
ba
In base 9, what is -1 - -356?
355
In base 2, what is 110000 - 11011?
10101
In base 7, what is -13253 - -5?
-13245
In base 8, what is 251 - 5?
244
In base 2, what is -110100011 - 10001?
-110110100
In base 13, what is b + 882?
890
In base 7, what is -255301 - 1?
-255302
In base 2, what is -110 - -1101?
111
In base 8, what is 0 + 132?
132
In base 15, what is -14d - 4?
-152
In base 5, what is 0 - -40234?
40234
In base 16, what is 1 - 1d?
-1c
In base 7, what is 542 - 25?
514
In base 11, what is 5 - -50?
55
In base 13, what is -7a - 5?
-82
In base 11, what is 1 + -4328?
-4327
In base 5, what is -433 + 0?
-433
In base 12, what is -219 + -3?
-220
In base 9, what is -3 - -67?
64
In base 5, what is -23411 - 4?
-23420
In base 6, what is -14 - 20?
-34
In base 13, what is 7 - -7?
11
In base 9, what is 2130 + -4?
2125
In base 6, what is 5 - -103?
112
In base 6, what is 2 - -4220?
4222
In base 13, what is 1c - -1?
20
In base 2, what is 101 - -111000100?
111001001
In base 5, what is 10 - -3011?
3021
In base 7, what is 0 + 2026?
2026
In base 16, what is -1 - -9ae?
9ad
In base 3, what is -1112010 + -2?
-1112012
In base 8, what is 6 + 340?
346
In base 8, what is -2615 - 3?
-2620
In base 16, what is -4 - 12?
-16
In base 14, what is -224 - -3?
-221
In base 13, what is -11 + -c?
-20
In base 3, what is -220112022 + -10?
-220112102
In base 12, what is 3015 - -3?
3018
In base 14, what is -46 - bb?
-123
In base 12, what is 27a4 - -5?
27a9
In base 15, what is -9 - -1b?
12
In base 8, what is -7 + -33?
-42
In base 13, what is -62 + -7?
-69
In base 11, what is -4 - 59?
-62
In base 9, what is 334 - 6?
327
In base 13, what is 8 + 39?
44
In base 15, what is 2 - -111?
113
In base 13, what is -38 - 24?
-5c
In base 5, what is 1 - -2013?
2014
In base 2, what is 10 + -1000011100001?
-1000011011111
In base 16, what is -d7 - -5?
-d2
In base 2, what is -10 + -110001?
-110011
In base 3, what is 10100 + -11?
10012
In base 4, what is -11 + -1233?
-1310
In base 7, what is -4151 - -1?
-4150
In base 9, what is -1 + 755?
754
In base 13, what is 32c4 - 1?
32c3
In base 4, what is -320331 - 11?
-321002
In base 10, what is 5 - 63?
-58
In base 11, what is -5 - -49?
44
In base 9, what is 26 - 0?
26
In base 3, what is -1012120 - 12?
-1012202
In base 13, what is -8 + 1b?
13
In base 13, what is -4 - 1004?
-1008
In base 5, what is -11 + -1014?
-1030
In base 10, what is -1 + -738?
-739
In base 2, what is 100110010 - 1100?
100100110
In base 7, what is 36 + -2?
34
In base 3, what is 1 - 102120?
-102112
In base 16, what is -2 - -15?
13
In base 13, what is 33a + 2?
33c
In base 7, what is -5652 - 4?
-5656
In base 3, what is 2112 + 101?
2220
In base 12, what is -13 + -b7?
-10a
In base 14, what is -1706 - -3?
-1703
In base 8, what is -47 + 2?
-45
In base 3, what is -1011220 - 0?
-1011220
In base 16, what is -4 - -71?
6d
In base 5, what is -131104 + -3?
-131112
In base 7, what is 210 - 4?
203
In base 14, what is 1 + 1796?
1797
In base 3, what is 1000101 + -12?
1000012
In base 14, what is -109 + 5?
-104
In base 10, what is -19 - -1?
-18
In base 16, what is 1c - a?
12
In base 10, what is 3 - -113?
116
In base 16, what is 2 + -88?
-86
In base 2, what is 110 - 101?
1
In base 6, what is -13 + -151?
-204
In base 2, what is -1111101001 - 10?
-1111101011
In base 12, what is 5 - -a12?
a17
In base 11, what is -3 + 397?
394
In base 12, what is 27 + 2?
29
In base 6, what is -40524 - 2?
-40530
In base 14, what is -3 + 2?
-1
In base 7, what is 604 + 31?
635
In base 4, what is 11 + 1332?
2003
In base 9, what is 175 - -5?
181